08915?
True
Is 8556558 a multiple of 31?
True
Does 80 divide 31909760?
True
Is 167 a factor of 252322471?
True
Does 1301 divide 263565687?
True
Is 203482233 a multiple of 14?
False
Is 621120 a multiple of 20?
True
Is 1097 a factor of 3229568?
True
Does 161 divide 68485858?
True
Does 697 divide 55024665?
True
Is 23 a factor of 250825971?
True
Does 57 divide 1628938?
False
Is 697086066 a multiple of 270?
False
Does 53 divide 142054628?
True
Is 33875352 a multiple of 14?
True
Does 14 divide 74360291?
False
Does 1913 divide 27170339?
True
Is 77089942 a multiple of 119?
False
Does 41 divide 42705664?
False
Is 48 a factor of 165240562?
False
Is 41 a factor of 204259048?
True
Is 19 a factor of 37318168?
False
Is 462950552 a multiple of 16?
False
Is 3741 a factor of 658644201?
True
Does 250 divide 27372612?
False
Does 1611 divide 21925031?
False
Is 17 a factor of 6301628?
True
Is 1103 a factor of 122596805?
False
Is 753 a factor of 850490051?
False
Does 1610 divide 38379180?
True
Does 34 divide 168205269?
False
Is 88 a factor of 39946016?
True
Is 855849 a multiple of 9?
False
Is 28 a factor of 91237608?
True
Is 7749755 a multiple of 65?
True
Is 124289223 a multiple of 19?
False
Does 298 divide 58845166?
True
Does 2164 divide 64978428?
True
Is 25 a factor of 253103?
False
Is 670 a factor of 17549038?
False
Is 900751716 a multiple of 348?
True
Is 13 a factor of 170896578?
False
Is 81 a factor of 327288276?
True
Is 39 a factor of 140430209?
False
Is 15 a factor of 2626950?
True
Is 45260735 a multiple of 145?
True
Is 54 a factor of 19519473?
False
Is 802133847 a multiple of 79?
True
Is 982702645 a multiple of 44?
False
Is 4920 a factor of 247200940?
False
Is 116112390 a multiple of 4542?
False
Does 589 divide 38604074?
False
Is 86 a factor of 74659356?
False
Is 21 a factor of 21774339?
False
Is 11 a factor of 4290319?
True
Is 3485 a factor of 320710610?
True
Is 672 a factor of 206613120?
True
Is 6318 a factor of 2475136860?
False
Does 85 divide 222236566?
False
Does 2839 divide 573239524?
True
Is 1425920979 a multiple of 2163?
True
Is 52 a factor of 1046306664?
True
Does 1028 divide 126529324?
True
Does 61 divide 473055?
True
Does 8 divide 38115648?
True
Does 214 divide 134232264?
False
Is 246 a factor of 11977002?
True
Does 1118 divide 28811978?
True
Is 298 a factor of 312337638?
False
Is 192 a factor of 32286906?
False
Is 3 a factor of 7375144?
False
Is 3 a factor of 186244270?
False
Does 37 divide 46530812?
False
Does 4 divide 146473788?
True
Is 543 a factor of 26850807?
True
Is 11 a factor of 35191061?
False
Does 1124 divide 9386524?
True
Is 1251108831 a multiple of 41?
False
Is 5801 a factor of 1267675127?
True
Is 25 a factor of 846329686?
False
Does 2807 divide 1920184490?
True
Is 576547354 a multiple of 9?
False
Is 76 a factor of 325476281?
False
Does 32 divide 13684748?
False
Does 4 divide 13932076?
True
Is 140330410 a multiple of 17?
True
Is 12 a factor of 1186490?
False
Does 340 divide 455221093?
False
Is 344641311 a multiple of 1701?
True
Is 24952000 a multiple of 320?
True
Is 427345107 a multiple of 166?
False
Is 59505597 a multiple of 2618?
False
Is 853932079 a multiple of 22?
False
Is 20091704 a multiple of 1604?
True
Is 188 a factor of 625597072?
True
Is 1371 a factor of 964798749?
True
Is 362908080 a multiple of 24?
True
Is 438 a factor of 70995858?
True
Is 212 a factor of 2173431991?
False
Is 6 a factor of 10112167?
False
Is 80 a factor of 18340971?
False
Does 558 divide 1625739?
False
Does 39 divide 96603975?
True
Is 18 a factor of 1229363460?
True
Is 20 a factor of 219350080?
True
Is 15 a factor of 98046474?
False
Is 18 a factor of 39741848?
False
Is 5681000 a multiple of 95?
True
Is 6 a factor of 16401912?
True
Is 1611 a factor of 697857816?
False
Does 162 divide 637957229?
False
Is 925 a factor of 9603889?
False
Is 68796108 a multiple of 52?
False
Is 15 a factor of 81282030?
True
Is 867 a factor of 1256990525?
False
Is 1822018884 a multiple of 3918?
True
Does 10 divide 188028155?
False
Is 280615701 a multiple of 65?
False
Does 2 divide 3002142?
True
Is 26792645 a multiple of 835?
True
Does 28 divide 280475285?
False
Does 503 divide 31844641?
False
Does 49 divide 20511740?
False
Is 34 a factor of 247053078?
True
Is 573 a factor of 538395957?
True
Is 156058605 a multiple of 15?
True
Is 19 a factor of 33865790?
True
Does 165 divide 20217615?
True
Is 80984344 a multiple of 1351?
True
Does 45 divide 238186125?
True
Is 573572972 a multiple of 28?
True
Is 95468815 a multiple of 4?
False
Is 2781896 a multiple of 3?
False
Does 153 divide 1113591748?
False
Is 120440205 a multiple of 43?
True
Is 236775882 a multiple of 26?
False
Is 54632454 a multiple of 3?
True
Is 50975732 a multiple of 18?
False
Does 35 divide 105888650?
True
Does 830 divide 44602540?
True
Does 9 divide 45721881?
True
Does 9 divide 850815126?
True
Is 1615 a factor of 349691105?
True
Is 11490430 a multiple of 556?
False
Is 15 a factor of 10553190?
True
Is 1935740036 a multiple of 1894?
False
Is 812 a factor of 2777618152?
False
Is 55 a factor of 9173389?
False
Is 2093759000 a multiple of 23?
True
Does 27 divide 1058049?
True
Does 211 divide 267650691?
False
Is 1125999427 a multiple of 7?
True
Is 197874 a multiple of 18?
True
Is 1247462533 a multiple of 14?
False
Does 200 divide 1867000?
True
Is 8606784 a multiple of 3606?
False
Is 2 a factor of 769643910?
True
Does 392 divide 259510788?
False
Is 9 a factor of 852343560?
True
Is 501597621 a multiple of 339?
True
Is 3682 a factor of 12485662?
True
Is 763014491 a multiple of 19?
False
Is 2796624636 a multiple of 52?
True
Is 125185719 a multiple of 28?
False
Does 15 divide 168053393?
False
Does 22 divide 52521930?
False
Does 112 divide 10799600?
True
Is 111 a factor of 22529907?
False
Does 1328 divide 266124560?
True
Does 946 divide 19913104?
False
Is 29 a factor of 648622642?
True
Does 28 divide 514421819?
False
Does 14 divide 2296688349?
False
Does 5030 divide 3141037562?
False
Is 600397 a multiple of 42?
False
Is 72225787 a multiple of 6?
False
Is 128648508 a multiple of 4?
True
Does 24 divide 147771389?
False
Does 309 divide 231681798?
False
Is 3676533 a multiple of 87?
True
Does 69 divide 149043905?
False
Is 24441132 a multiple of 628?
True
Is 1085601379 a multiple of 8252?
False
Does 573 divide 723922470?
True
Is 306780187 a multiple of 2621?
True
Does 29 divide 338223517?
False
Is 2136 a factor of 1262685720?
True
Does 12 divide 81302967?
False
Does 5290 divide 237490046?
False
Is 1304 a factor of 1808370287?
False
Does 881 divide 245705614?
True
Does 12835 divide 2639784899?
False
Is 47 a factor of 628860?
True
Does 258 divide 38429796?
False
Is 33760720 a multiple of 10?
True
Is 104 a factor of 1073528886?
False
Does 1766 divide 361268838?
False
Is 168 a factor of 923892480?
True
Is 11 a factor of 342647415?
True
Does 35 divide 72168425?
True
Is 4391201457 a multiple of 133?
False
Is 104703294 a multiple of 3?
True
Is 588 a factor of 734208552?
True
Does 2031 divide 264755067?
True
Is 19642767 a multiple of 349?
True
Does 38 divide 285062282?
True
Does 121 divide 44307746?
False
Is 19341365 a multiple of 647?
False
Is 2793525470 a multiple of 3310?
False
Is 176 a factor of 1304236743?
False
Is 34149656 a multiple of 11?
False
Does 111 divide 8681532?
True
Is 1776 a factor of 683744571?
False
Is 43 a factor of 1176172111?
False
Is 361 a factor of 25142928?
True
Is 23135098 a multiple of 493?
False
Is 29793515 a multiple of 1516?
False
Is 197 a factor of 4863862?
False
Is 144254078 a multiple of 155?
False
Does 1814 divide 10884000?
True
Does 440 divide 125589188?
False
Is 32649014 a multiple of 23?
False
Is 37515442 a multiple of 2026?
True
Does 46 divide 290590234?
True
Does 24 divide 49692720?
True
Does 4757 divide 50110238?
True
Is 58346178 a multiple of 1588?
False
Is 22695541 a multiple of 18?
False
Is 627595660 a multiple of 10?
True
Does 389 divide 22211511?
True
Does 1765 divide 65414430?
True
Is 84886525 a multiple of 5323?
False
Is 90866240 a multiple of 4?
True
Is 1412950 a multiple of 70?
True
Does 3577 divide 1744801596?
False
Is 396 a factor of 72546258?
False
Does 536 divide 6737530?
False
Is 152 a factor of 59498728?
True
Does 39 divide 2761415007?
True
Is 361 a factor of 97640031?
True
Is 403622417 a m